{"version":"1.0","provider_name":"SELENA FM S.A.","provider_url":"https:\/\/archiwum.selena.com\/pl\/","author_name":"Proformat","author_url":"https:\/\/archiwum.selena.com\/pl\/author\/proformat\/","title":"Grupa Selena z nowym Cz\u0142onkiem Zarz\u0105du - SELENA FM S.A.","type":"rich","width":600,"height":338,"html":"<blockquote class=\"wp-embedded-content\" data-secret=\"PR4lBvOsJR\"><a href=\"https:\/\/archiwum.selena.com\/pl\/grupa-selena-z-nowym-czlonkiem-zarzadu\/\">Grupa Selena z nowym Cz\u0142onkiem Zarz\u0105du<\/a><\/blockquote><iframe sandbox=\"allow-scripts\" security=\"restricted\" src=\"https:\/\/archiwum.selena.com\/pl\/grupa-selena-z-nowym-czlonkiem-zarzadu\/embed\/#?secret=PR4lBvOsJR\" width=\"600\" height=\"338\" title=\"&#8222;Grupa Selena z nowym Cz\u0142onkiem Zarz\u0105du&#8221; &#8212; SELENA FM S.A.\" data-secret=\"PR4lBvOsJR\" frameborder=\"0\" marginwidth=\"0\" marginheight=\"0\" scrolling=\"no\" class=\"wp-embedded-content\"><\/iframe><script>\n\/*! This file is auto-generated *\/\n!function(c,d){\"use strict\";var e=!1,o=!1;if(d.querySelector)if(c.addEventListener)e=!0;if(c.wp=c.wp||{},c.wp.receiveEmbedMessage);else if(c.wp.receiveEmbedMessage=function(e){var t=e.data;if(!t);else if(!(t.secret||t.message||t.value));else if(\/[^a-zA-Z0-9]\/.test(t.secret));else{for(var r,s,a,i=d.querySelectorAll('iframe[data-secret=\"'+t.secret+'\"]'),n=d.querySelectorAll('blockquote[data-secret=\"'+t.secret+'\"]'),o=new RegExp(\"^https?:$\",\"i\"),l=0;l<n.length;l++)n[l].style.display=\"none\";for(l=0;l<i.length;l++)if(r=i[l],e.source!==r.contentWindow);else{if(r.removeAttribute(\"style\"),\"height\"===t.message){if(1e3<(s=parseInt(t.value,10)))s=1e3;else if(~~s<200)s=200;r.height=s}if(\"link\"===t.message)if(s=d.createElement(\"a\"),a=d.createElement(\"a\"),s.href=r.getAttribute(\"src\"),a.href=t.value,!o.test(a.protocol));else if(a.host===s.host)if(d.activeElement===r)c.top.location.href=t.value}}},e)c.addEventListener(\"message\",c.wp.receiveEmbedMessage,!1),d.addEventListener(\"DOMContentLoaded\",t,!1),c.addEventListener(\"load\",t,!1);function t(){if(o);else{o=!0;for(var e,t,r,s=-1!==navigator.appVersion.indexOf(\"MSIE 10\"),a=!!navigator.userAgent.match(\/Trident.*rv:11\\.\/),i=d.querySelectorAll(\"iframe.wp-embedded-content\"),n=0;n<i.length;n++){if(!(r=(t=i[n]).getAttribute(\"data-secret\")))r=Math.random().toString(36).substr(2,10),t.src+=\"#?secret=\"+r,t.setAttribute(\"data-secret\",r);if(s||a)(e=t.cloneNode(!0)).removeAttribute(\"security\"),t.parentNode.replaceChild(e,t);t.contentWindow.postMessage({message:\"ready\",secret:r},\"*\")}}}}(window,document);\n<\/script>\n","description":"Rada Nadzorcza Selena FM S.A. w\u00a0dniu 19 listopada powo\u0142a\u0142a Pani\u0105 El\u017cbiet\u0119 Korczy\u0144sk\u0105 w\u00a0sk\u0142ad Zarz\u0105du i\u00a0powierzy\u0142a jej pe\u0142nienie obowi\u0105zk\u00f3w CFO do czasu powo\u0142ania Wiceprezesa Zarz\u0105du ds. Finansowych. Obejmuj\u0105c now\u0105 rol\u0119 \u2013 El\u017cbieta Korczy\u0144ska b\u0119dzie odpowiada\u0107 za...","thumbnail_url":"http:\/\/new.selena.com\/wp-content\/uploads\/67c43fb7336b4af21f4b257427548394.jpg"}

Grupa Selena z nowym Członkiem Zarządu - SELENA FM S.A.

<blockquote class="wp-embedded-content" data-secret="PR4lBvOsJR"><a href="https://archiwum.selena.com/pl/grupa-selena-z-nowym-czlonkiem-zarzadu/">Grupa Selena z nowym Członkiem Zarządu</a></blockquote><iframe sandbox="allow-scripts" security="restricted" src="https://archiwum.selena.com/pl/grupa-selena-z-nowym-czlonkiem-zarzadu/embed/#?secret=PR4lBvOsJR" width="600" height="338" title="&#8222;Grupa Selena z nowym Członkiem Zarządu&#8221; &#8212; SELENA FM S.A." data-secret="PR4lBvOsJR" frameborder="0" marginwidth="0" marginheight="0" scrolling="no" class="wp-embedded-content"></iframe><script>
/*! This file is auto-generated */
!function(c,d){"use strict";var e=!1,o=!1;if(d.querySelector)if(c.addEventListener)e=!0;if(c.wp=c.wp||{},c.wp.receiveEmbedMessage);else if(c.wp.receiveEmbedMessage=function(e){var t=e.data;if(!t);else if(!(t.secret||t.message||t.value));else if(/[^a-zA-Z0-9]/.test(t.secret));else{for(var r,s,a,i=d.querySelectorAll('iframe[data-secret="'+t.secret+'"]'),n=d.querySelectorAll('blockquote[data-secret="'+t.secret+'"]'),o=new RegExp("^https?:$","i"),l=0;l<n.length;l++)n[l].style.display="none";for(l=0;l<i.length;l++)if(r=i[l],e.source!==r.contentWindow);else{if(r.removeAttribute("style"),"height"===t.message){if(1e3<(s=parseInt(t.value,10)))s=1e3;else if(~~s<200)s=200;r.height=s}if("link"===t.message)if(s=d.createElement("a"),a=d.createElement("a"),s.href=r.getAttribute("src"),a.href=t.value,!o.test(a.protocol));else if(a.host===s.host)if(d.activeElement===r)c.top.location.href=t.value}}},e)c.addEventListener("message",c.wp.receiveEmbedMessage,!1),d.addEventListener("DOMContentLoaded",t,!1),c.addEventListener("load",t,!1);function t(){if(o);else{o=!0;for(var e,t,r,s=-1!==navigator.appVersion.indexOf("MSIE 10"),a=!!navigator.userAgent.match(/Trident.*rv:11\./),i=d.querySelectorAll("iframe.wp-embedded-content"),n=0;n<i.length;n++){if(!(r=(t=i[n]).getAttribute("data-secret")))r=Math.random().toString(36).substr(2,10),t.src+="#?secret="+r,t.setAttribute("data-secret",r);if(s||a)(e=t.cloneNode(!0)).removeAttribute("security"),t.parentNode.replaceChild(e,t);t.contentWindow.postMessage({message:"ready",secret:r},"*")}}}}(window,document);
</script>

Rada Nadzorcza Selena FM S.A. w dniu 19 listopada powołała Panią Elżbietę Korczyńską w skład Zarządu i powierzyła jej pełnienie obowiązków CFO do czasu powołania Wiceprezesa Zarządu ds. Finansowych. Obejmując nową rolę – Elżbieta Korczyńska będzie odpowiadać za...
