{"version":"1.0","provider_name":"SELENA FM S.A.","provider_url":"https:\/\/archiwum.selena.com\/pl\/","author_name":"Proformat","author_url":"https:\/\/archiwum.selena.com\/pl\/author\/proformat\/","title":"Grupa Selena: Pracownik budowlany \u2013 zaw\u00f3d z przysz\u0142o\u015bci\u0105 - SELENA FM S.A.","type":"rich","width":600,"height":338,"html":"<blockquote class=\"wp-embedded-content\" data-secret=\"psgNw0bVwX\"><a href=\"https:\/\/archiwum.selena.com\/pl\/grupa-selena-pracownik-budowlany-zawod-z-przyszloscia\/\">Grupa Selena: Pracownik budowlany \u2013 zaw\u00f3d z przysz\u0142o\u015bci\u0105<\/a><\/blockquote><iframe sandbox=\"allow-scripts\" security=\"restricted\" src=\"https:\/\/archiwum.selena.com\/pl\/grupa-selena-pracownik-budowlany-zawod-z-przyszloscia\/embed\/#?secret=psgNw0bVwX\" width=\"600\" height=\"338\" title=\"&#8222;Grupa Selena: Pracownik budowlany \u2013 zaw\u00f3d z przysz\u0142o\u015bci\u0105&#8221; &#8212; SELENA FM S.A.\" data-secret=\"psgNw0bVwX\" frameborder=\"0\" marginwidth=\"0\" marginheight=\"0\" scrolling=\"no\" class=\"wp-embedded-content\"><\/iframe><script>\n\/*! This file is auto-generated *\/\n!function(c,d){\"use strict\";var e=!1,o=!1;if(d.querySelector)if(c.addEventListener)e=!0;if(c.wp=c.wp||{},c.wp.receiveEmbedMessage);else if(c.wp.receiveEmbedMessage=function(e){var t=e.data;if(!t);else if(!(t.secret||t.message||t.value));else if(\/[^a-zA-Z0-9]\/.test(t.secret));else{for(var r,s,a,i=d.querySelectorAll('iframe[data-secret=\"'+t.secret+'\"]'),n=d.querySelectorAll('blockquote[data-secret=\"'+t.secret+'\"]'),o=new RegExp(\"^https?:$\",\"i\"),l=0;l<n.length;l++)n[l].style.display=\"none\";for(l=0;l<i.length;l++)if(r=i[l],e.source!==r.contentWindow);else{if(r.removeAttribute(\"style\"),\"height\"===t.message){if(1e3<(s=parseInt(t.value,10)))s=1e3;else if(~~s<200)s=200;r.height=s}if(\"link\"===t.message)if(s=d.createElement(\"a\"),a=d.createElement(\"a\"),s.href=r.getAttribute(\"src\"),a.href=t.value,!o.test(a.protocol));else if(a.host===s.host)if(d.activeElement===r)c.top.location.href=t.value}}},e)c.addEventListener(\"message\",c.wp.receiveEmbedMessage,!1),d.addEventListener(\"DOMContentLoaded\",t,!1),c.addEventListener(\"load\",t,!1);function t(){if(o);else{o=!0;for(var e,t,r,s=-1!==navigator.appVersion.indexOf(\"MSIE 10\"),a=!!navigator.userAgent.match(\/Trident.*rv:11\\.\/),i=d.querySelectorAll(\"iframe.wp-embedded-content\"),n=0;n<i.length;n++){if(!(r=(t=i[n]).getAttribute(\"data-secret\")))r=Math.random().toString(36).substr(2,10),t.src+=\"#?secret=\"+r,t.setAttribute(\"data-secret\",r);if(s||a)(e=t.cloneNode(!0)).removeAttribute(\"security\"),t.parentNode.replaceChild(e,t);t.contentWindow.postMessage({message:\"ready\",secret:r},\"*\")}}}}(window,document);\n<\/script>\n","description":"Zar\u00f3wno w\u00a0Europie, jak i\u00a0krajach rozwijaj\u0105cych si\u0119 ca\u0142y czas notowane jest ogromne zapotrzebowanie na prace budowlane. Zapewnienie odpowiedniej liczby wykwalifikowanych pracownik\u00f3w jest wi\u0119c kwesti\u0105 kluczow\u0105. Tymczasem wi\u0119kszo\u015b\u0107 trudno\u015bci w\u00a0tym zakresie s\u0105 kwesti\u0105 powszechn\u0105. W\u00a0Polsce w\u00a0Q4 2018...","thumbnail_url":"http:\/\/new.selena.com\/wp-content\/uploads\/ea64c21f790c99b116ce511e4018d897.jpg"}

Grupa Selena: Pracownik budowlany – zawód z przyszłością - SELENA FM S.A.

<blockquote class="wp-embedded-content" data-secret="psgNw0bVwX"><a href="https://archiwum.selena.com/pl/grupa-selena-pracownik-budowlany-zawod-z-przyszloscia/">Grupa Selena: Pracownik budowlany – zawód z przyszłością</a></blockquote><iframe sandbox="allow-scripts" security="restricted" src="https://archiwum.selena.com/pl/grupa-selena-pracownik-budowlany-zawod-z-przyszloscia/embed/#?secret=psgNw0bVwX" width="600" height="338" title="&#8222;Grupa Selena: Pracownik budowlany – zawód z przyszłością&#8221; &#8212; SELENA FM S.A." data-secret="psgNw0bVwX" frameborder="0" marginwidth="0" marginheight="0" scrolling="no" class="wp-embedded-content"></iframe><script>
/*! This file is auto-generated */
!function(c,d){"use strict";var e=!1,o=!1;if(d.querySelector)if(c.addEventListener)e=!0;if(c.wp=c.wp||{},c.wp.receiveEmbedMessage);else if(c.wp.receiveEmbedMessage=function(e){var t=e.data;if(!t);else if(!(t.secret||t.message||t.value));else if(/[^a-zA-Z0-9]/.test(t.secret));else{for(var r,s,a,i=d.querySelectorAll('iframe[data-secret="'+t.secret+'"]'),n=d.querySelectorAll('blockquote[data-secret="'+t.secret+'"]'),o=new RegExp("^https?:$","i"),l=0;l<n.length;l++)n[l].style.display="none";for(l=0;l<i.length;l++)if(r=i[l],e.source!==r.contentWindow);else{if(r.removeAttribute("style"),"height"===t.message){if(1e3<(s=parseInt(t.value,10)))s=1e3;else if(~~s<200)s=200;r.height=s}if("link"===t.message)if(s=d.createElement("a"),a=d.createElement("a"),s.href=r.getAttribute("src"),a.href=t.value,!o.test(a.protocol));else if(a.host===s.host)if(d.activeElement===r)c.top.location.href=t.value}}},e)c.addEventListener("message",c.wp.receiveEmbedMessage,!1),d.addEventListener("DOMContentLoaded",t,!1),c.addEventListener("load",t,!1);function t(){if(o);else{o=!0;for(var e,t,r,s=-1!==navigator.appVersion.indexOf("MSIE 10"),a=!!navigator.userAgent.match(/Trident.*rv:11\./),i=d.querySelectorAll("iframe.wp-embedded-content"),n=0;n<i.length;n++){if(!(r=(t=i[n]).getAttribute("data-secret")))r=Math.random().toString(36).substr(2,10),t.src+="#?secret="+r,t.setAttribute("data-secret",r);if(s||a)(e=t.cloneNode(!0)).removeAttribute("security"),t.parentNode.replaceChild(e,t);t.contentWindow.postMessage({message:"ready",secret:r},"*")}}}}(window,document);
</script>

Zarówno w Europie, jak i krajach rozwijających się cały czas notowane jest ogromne zapotrzebowanie na prace budowlane. Zapewnienie odpowiedniej liczby wykwalifikowanych pracowników jest więc kwestią kluczową. Tymczasem większość trudności w tym zakresie są kwestią powszechną. W Polsce w Q4 2018...
